uppose -y*f + 5 = -s, -s = -f + 4 - 2. What is the greatest common divisor of f and z?
1
Let m = -5 + 10. Let j be m/(15/6) + 257. What is the highest common divisor of j and 37?
37
Suppose 0 = -350*b + 354*b - 9920. What is the highest common factor of 80 and b?
80
Let f be 216/(-20)*435/(-6). What is the highest common divisor of 29 and f?
29
Suppose j + 2*s = -j - 14, 0 = -2*s - 8. Let w = 35 - j. Calculate the greatest common divisor of w and 19.
19
Let f(z) = z**2 + 54*z - 260. Let r be f(5). Calculate the greatest common divisor of r and 2345.
35
Let l = -173 + 493. What is the highest common divisor of l and 4?
4
Let o = 301 - 273. Calculate the highest common factor of o and 602.
14
Let y(z) be the first derivative of 2*z**3/3 + z**2 - 26*z + 9. Let w be y(9). Calculate the highest common factor of w and 14.
14
Let x(v) = v**3 - 14*v**2 - 31*v - 7. Let y be x(16). Suppose 0 = y*w - 5*w - 864. Calculate the highest common factor of w and 24.
24
Let b(m) = m**2 + 6*m - 5. Let w be b(14). Calculate the greatest common factor of w and 33.
11
Suppose 0*b = -b + 232. Suppose 3*j - 198 = -0*j. Let w = j + -37. Calculate the highest common factor of b and w.
29
Let y(l) = l**2 + 0*l + 4*l - l**3 - 4 - 5*l - 5*l**2. Let h be y(-7). Suppose 6 = -2*j + 4*j, -j = -c + h. Calculate the greatest common factor of 17 and c.
17
Let z = 6 + 4. Suppose 0 = -3*j + 4*q - 15, -5*j + 0*q + 2*q = 11. Let r be 8 + 20 + j*3. Calculate the highest common divisor of r and z.
5
Let c be 1 - -1 - (2 - 0). Suppose c = 4*h - 2 - 6. Suppose 4*d = h*d + 44. What is the greatest common factor of d and 66?
22
Let j = 120 + -78. Let c = 69 - j. Let m be 1*-9*2/(-6). Calculate the greatest common divisor of c and m.
3
Let d = -6 + 118. Let r be (20/50)/((-2)/(-80)). What is the highest common divisor of d and r?
16
Let d = 302 - 230. Calculate the highest common divisor of 18 and d.
18
Let s be ((-6)/4)/(63/(-336)). Suppose 0 = 2*l - 4*l + 36. Suppose -5*f - l = -s*f. Calculate the highest common divisor of f and 30.
6
Let z(t) = -80*t**3 + t + 1. Let b be z(-1). Let q be -3*9/((-135)/80). Calculate the highest common divisor of q and b.
16
Let w be -3 - (-4 + 5) - (-110 + 1). What is the greatest common divisor of 45 and w?
15
Suppose -2425 = -6*m - 769. What is the greatest common divisor of 48 and m?
12
Let c = -17 - -9. Let b = c - -25. Suppose -3*q + 583 = -x + 6*x, 0 = -2*x - 2*q + 230. What is the greatest common divisor of x and b?
17
Suppose -16*d - 91 = -17*d + g, 5*d = -4*g + 446. What is the highest common divisor of d and 360?
90
Let p be (25/3 - 15/5)*33. What is the greatest common factor of p and 32?
16
Suppose -5*n - 3*p = -829, 0 = -3*n + 4*n + p - 167. Let q = n + -129. Suppose 2*b + 10 = 24. What is the greatest common factor of b and q?
7
Let r = 14 + -9. Suppose -r*o + 15 = 0, 5*g - 3*o + 103 = 654. Let f(z) = 3*z**2 + 4*z - 1. Let v be f(-3). What is the highest common factor of v and g?
14
Let t = -11 + 14. Let l = 7 + -6. Let q be (7/14)/(l/66). Calculate the highest common factor of t and q.
3
Let g = -215 + 235. Calculate the highest common divisor of 45 and g.
5
Let m be (494/(-39) - -13)*360. Calculate the greatest common divisor of 36 and m.
12
Let p = -98 - -158. Let g = 1269 - 1245. What is the greatest common divisor of p and g?
12
Let r(g) = -g**2 - 9*g + 14. Let o be r(-10). Let w be (18/(-45))/((-3)/75). What is the highest common factor of o and w?
2
Let w = 28 - 13. Let k be (-12636)/(-169) - (-12)/52. Calculate the greatest common divisor of k and w.
15
Let w(u) = u + 1. Let l be w(0). Let x be (l - -8) + -18 + 15. Calculate the greatest common factor of 3 and x.
3
Let f(w) = w**3 - 5*w**2 - 9*w + 10. Let m = -11 + 18. Let v be f(m). Let o be 34 - 20/5 - 0. What is the highest common divisor of v and o?
15
Let p = -300 - -305. Calculate the highest common factor of p and 160.
5
Suppose 0 = 3*o + g + 3 + 1, -5*o - 5 = 2*g. Let i be ((-56)/35)/(o/15). What is the greatest common divisor of 64 and i?
8
Let m = -82 + 52. Let u be ((-7)/(-3))/((-2)/m). Let j(z) = -2*z**3 - 2*z**2 + z + 1. Let y be j(-2). What is the highest common divisor of y and u?
7
Let j = 722 - 602. What is the highest common divisor of 18 and j?
6
Let h = 1528 + -1517. What is the highest common divisor of 473 and h?
11
Let b(t) = 22*t + 10. Let z be b(5). Let o = 124 - z. Let s = -92 + 136. Calculate the highest common divisor of s and o.
4
Suppose 2*x + 2*c = -3*c + 41, -3*c = -5*x + 25. Let j(l) = -3*l - 8. Let f be j(-8). What is the greatest common factor of f and x?
8
Let g be -2 + ((-135)/(-10) - 2/(-4)). What is the greatest common factor of g and 192?
12
Suppose s = -3*t + 34, 2*t + 5 = 7*t. Suppose 3*y - 2 - s = 0. What is the highest common factor of 22 and y?
11
Suppose 8*d = -0 + 32. Suppose 31 = c + 4*m, 0 = 2*c + d*m - 55 + 13. What is the highest common factor of 44 and c?
11
Let i(s) = 8*s**2 + 2*s. Let v = 18 - 17. Let o be i(v). Calculate the highest common factor of o and 50.
10
Suppose -36 = -2*c + 2*f, 58*f = -2*c + 63*f + 48. Suppose 391 + 422 = v. Suppose -5*z + v = 43. What is the highest common factor of z and c?
14
Suppose 60 = -9*z + 14*z. Suppose -9*i = -5*i - z. What is the greatest common divisor of 12 and i?
3
Let m = 54 - 36. Suppose 254 = y - 4*c + m, -c - 1085 = -5*y. Suppose -y = -3*x - x. Calculate the highest common factor of x and 6.
6
Let n(y) = 13*y**2 - 8*y - 5. Let r be n(-1). What is the highest common factor of 400 and r?
16
Let o = 419 - 367. Calculate the highest common divisor of 1066 and o.
26
Let c be (-2)/(250/(-15) - -16). Suppose 3*j = -0*b - b + 21, 2*b - 5*j = 20. Calculate the greatest common factor of b and c.
3
Let d be (-2 - (-1 - 1))/3. Let x = d + 3. Suppose -x = b - 12. What is the highest common divisor of b and 9?
9
Let m(v) = -27*v - 1. Let r be m(-3). Suppose 6192*p = 6213*p - 210. What is the highest common divisor of p and r?
10
Suppose 0 = 2*c - 9 - 27. Let l = c - -78. Let f = l + -51. What is the highest common factor of f and 18?
9
Suppose 12*t - 7*t - 460 = 0. Let r = t - 61. Let l be 1 - (0 + -1 - r). Calculate the greatest common divisor of 330 and l.
33
Let s(g) = -g**3 - 11*g**2 - 6*g + 41. Let p be s(-10). Suppose o - x - 13 = -0*o, 4*o - 5*x = 57. What is the highest common divisor of o and p?
1
Let l(y) = 15*y - 10. Let c be l(3). Let h be 10/c - 1464/(-21). Suppose 3 = -5*f + 143. Calculate the greatest common factor of h and f.
14
Let j = 42 + -31. Let b = 4 + j. Calculate the greatest common factor of b and 30.
15
Let i = -2 - -98. Suppose -1730*c + 168 = -1723*c. What is the highest common divisor of c and i?
24
Suppose -6*y + 41 - 23 = 0. What is the greatest common divisor of 9 and y?
3
Let g be (0 - -1)*2 + (4 - 1). Suppose -g*m + 5*o + 185 = 0, -5*m + 27 = -4*m - 3*o. What is the highest common divisor of 105 and m?
21
Suppose -77 = -4*d + 5*v, 37 = 3*d - 5*v - 22. Let t be 10 + 370 + -66 + (-7 - 1). What is the highest common factor of t and d?
18
Suppose a - 8 = 16. Suppose 48 = 4*x + p + 4, 4*x = 4*p + a. What is the greatest common divisor of x and 100?
10
Let d = 667 - 37. What is the greatest common factor of 35 and d?
35
Suppose 1 = f + 2*j - 3, -37 = -3*f - j. Calculate the highest common divisor of 2366 and f.
14
Suppose 4*x - 11 - 1 = 0. Suppose -x*y = 2*y + 30. Let l be ((-7)/(-1))/(y/(-36)). What is the highest common divisor of 21 and l?
21
Let c(v) be the first derivative of -v**2 + 7*v + 2. Let g be c(-19). What is the greatest common divisor of g and 15?
15
Let t be (-2)/(-5) - 16/40. Suppose t = -5*m + 2*k + 188, 4*m - k - 51 = 97. What is the greatest common factor of m and 9?
9
Suppose 0 = 3*o + o. Suppose 5*w = -g + 3, 3*g - 20 = -o*g - 4*w. Calculate the greatest common factor of 32 and g.
8
Suppose -75*t + 69*t = -84. Suppose 4 = -4*q, -5*f - 2*q = -436 + 73. Let o = f - 31. Calculate the highest common factor of o and t.
14
Suppose -w - s + 224 = 0, -2*w + 0*s - 3*s + 450 = 0. Calculate the highest common factor of w and 12.
6
Let r be (-4)/(-56)*1058 - (-8)/(-14). What is the greatest common divisor of r and 50?
25
Suppose 26 = q + 2*s, -5*q = -0*q - 3*s - 91. Let o(v) = 3*v + 10. Let b be o(0). What is the greatest common factor of q and b?
10
Let o b